p**2 + 13*p - 13. Let j(x) = 171*x - 10. Let i be j(-2). Let z = -343 - i. Determine k(z).
23
Let m be (4/(-6))/(1054/(-1023) - (-4)/11). Let u(k) = -2*k**2 + 28*k - 29. Give u(m).
-3
Suppose o + l + 461 = 0, -451 = -0*o + o - 4*l. Let t = o - -758. Let y(x) = 2*x**2 - 151 - 163 + t - x**2. What is y(0)?
-15
Let v(d) = -d**2 + 7*d - 7. Let b(m) = -m**3 + 8*m**2 - 18*m + 42. Let z be b(6). Let f be (-1)/((-2)/12) + -5 + z. Calculate v(f).
-7
Let h(q) = 2*q + 18. Let s(y) = 2*y**3 + 14*y**2 + 10*y - 12. Let j be s(-6). Determine h(j).
18
Let q(d) = -d**3 - 7*d**2 + 18*d + 16. Let t be q(-9). Suppose -2*g = -g + n, 2*n = 2*g - t. Let r(c) = c**2 - 3. Calculate r(g).
13
Let v(l) = 266 + 0*l**2 + 12*l - 87 - 133 - 4*l**2 - 183*l. Calculate v(-43).
3
Let h(c) = 33*c - 23. Let z be -3 + 11/(11/(-2)) - (-10 + 4). What is h(z)?
10
Let r be (-5 - -10)/((-3)/(-6)*2). Let q(w) = w + 4. Let a be q(r). Let d(k) = 0*k**3 - 9*k - 8*k**2 + 606 + 606 - 1209 + k**3. Give d(a).
3
Let f(n) = 3*n**3 + n**2 + n. Suppose -25*m = -24*m - 5. Suppose -3*h + w = -w + 18, w = m*h + 23. Let v be (-3)/(4/h) - 4. What is f(v)?
-3
Suppose -15*y - 11 - 4 = 0. Let l(a) = 5*a**2 + 3*a + 3. Determine l(y).
5
Let g(b) = -94*b - 83*b - 96*b + 8 + 272*b. Suppose 5*o + 5*z - 57 = o, 4*o - 47 = -3*z. Determine g(o).
0
Let x(k) = -3*k**2 - 5*k + 2. Let o(q) = 6*q**2 - 26*q + 81. Let i be o(14). Suppose i*r = 891*r - 6. What is x(r)?
-10
Let c(w) = -w**3 - 31*w**2 + 35*w + 92. Let a(d) = 3*d + 133. Let n be a(-55). Determine c(n).
-4
Let n(l) be the second derivative of 74*l + 5/2*l**2 - 1/6*l**3 + 0. Determine n(-8).
13
Let i(n) = n**2 + 2*n - 10. Suppose 44 = -5*p + 4*f, 0 = -8*p + 6*p - 4*f + 16. What is i(p)?
-2
Let f(v) = 7*v - 23. Let c = -544 - -546. Let h(k) = 13*k - 17. Let y(p) = 7*p - 8. Let r(s) = -4*h(s) + 7*y(s). Let j(w) = c*f(w) + 5*r(w). Determine j(6).
8
Let g = -1 + -2. Let r(h) be the first derivative of -3/2*h**2 - 1/3*h**3 - 4*h - 134. Give r(g).
-4
Suppose -o + 2*c = -3, -c - 6 = -2*o - 0*c. Suppose -3 = -2*a + o*a. Let n(m) = -23*m - 56. Let f(l) = 82*l + 202. Let y(u) = -5*f(u) - 18*n(u). Calculate y(a).
-14
Let n(m) = 26*m**2 + 132*m + 17. Let b be n(-5). Let v(z) = z**3 - 15*z**2 + 57*z - 14. Determine v(b).
-7
Let y be 8/(-60) + ((-1064)/30)/4. Let r be 4 + 33/y + 5/3. Let t(x) = x**3 - 3*x**2 + x + 2. Determine t(r).
0
Let v = -61 + 61. Let o(d) be the second derivative of -d**5/20 + d**4/12 - d**3/3 + 7*d**2/2 - 7*d + 4. What is o(v)?
7
Let n(d) = d**3 - 6*d**2 - 6. Let u(l) = 2*l. Let s be u(1). Let b be (-9 - -16) + (s - 5). Suppose b*z - 6 = -g, 0 = -3*g + 3*z - 6 + 24. Determine n(g).
-6
Let s = 16419 - 16390. Let r(d) = d**3 - 29*d**2 + 3*d - 75. What is r(s)?
12
Suppose 0 = 19*l - l - 702. Suppose 5*q - 6 = l. Let s(c) = -c + 4. What is s(q)?
-5
Let t(r) be the third derivative of r**6/120 + r**5/30 + r**4/6 + r**3/6 - 4*r**2 - 3*r - 6. Give t(-2).
-7
Let a(j) = -151*j**2 + 64*j + 88. Let p(t) = 67*t**2 - 32*t - 45. Let c(h) = 4*a(h) + 9*p(h). What is c(-30)?
7
Let r(i) = -i**2 + 3*i + 2. Suppose -j - j = -6. Let g be j + -1 - (-5 + 5). Let q(u) = -u**3 + 4*u - 2. Let f be q(g). Give r(f).
-8
Let h = 82 + -77. Suppose -2*a - 15 = -o, -h*a + o - 39 = -0*o. Let l be -4*1*10/a. Let x(z) = z**2 - 5*z - 6. Calculate x(l).
-6
Let g be 10/(-60)*12/1. Let q(r) = 3*r**2 + 10*r + 9. Let m be q(g). Let x(p) be the first derivative of -13*p**3/3 + 1. Calculate x(m).
-13
Suppose -2*a + 819 = 5*r, -1413 = -5*a - 3*r + 663. Let n(p) = 208 + 204 - a + 2*p. What is n(8)?
11
Let i be (-3*1)/((-5)/((-40)/(-12))). Suppose 5*k - 10 - 2 = -4*b, b + 10 = i*k. Suppose 0 = -k*m + 2*x, 0 = -x - 3 + 1. Let j(c) = -4*c. Give j(m).
4
Suppose -13*y - 1557 = 1836. Let w = -257 - y. Let t(f) = -f - 4. Let c(u) = -1. Let i(p) = -2*c(p) + t(p). Determine i(w).
-6
Let d = 18 + -93. Let y = -68 - d. Let l(r) = 6 - y*r - 3*r + 5 + 0 + r**2. Give l(8).
-5
Let n(w) be the second derivative of 2*w**3/3 + 27*w**2/2 + 356*w - 1. What is n(-9)?
-9
Let f be (-159)/13 + 21*3/273. Let j(i) = -i**2 - 12*i - 26. Calculate j(f).
-26
Let u(q) = 3*q + 43. Let t(f) = -11*f**3 + 60*f**2 + 35*f - 1. Let n be t(6). What is u(n)?
22
Let p(c) = -c**2 + 12*c - 9. Let o be p(1). Let z(w) = -1 + 3*w - 4*w**2 + 16*w**2 - 2. Determine z(o).
51
Let j(b) = -4*b - 10 + 3*b**2 - 6*b**2 + 2*b**2 - 2*b. Let d(l) = l**3 - 521*l - 1543. Let z be d(-3). Determine j(z).
-17
Suppose -6*f + 87 = -387. Let s(m) = -44*m + 5*m**2 + f*m + m**3 + 3 - 41*m. Give s(-6).
3
Let r be 28/16 - (-7269)/4. Let x(u) = 10*u**2 - 910*u**3 - 11*u - 4 - 910*u**3 + r*u**3. Determine x(9).
-22
Suppose 0 = 4*v - 28, -4*t + 83*v = 81*v - 18. Let y(p) = -7*p + 122. Calculate y(t).
66
Let d(r) = -r**2 - r. Let n be 18/(-225) - (-14146)/(-50). Let h = 281 + n. Calculate d(h).
-2
Let g = 15 + -27. Let b(d) = 8*d**3 - 13*d**2 - 11*d - 6. Let m(x) = -13*x**3 + 26*x**2 + 23*x + 14. Let s(t) = -5*b(t) - 3*m(t). Determine s(g).
12
Let y(p) = 2*p**2 - 2*p - 5. Suppose -134*z + 279 = -525. Calculate y(z).
55
Let w(t) be the first derivative of -t**6/120 + 2*t**5/15 - 11*t**4/24 - t**3 + 23*t**2/2 - 2*t - 98. Let c(m) be the second derivative of w(m). Give c(6).
0
Suppose -16*i = -24*i + 72. Let x(v) = -i*v + 7 - 2*v**3 + 3 - 5 + v**3 - 9*v**2. What is x(-8)?
13
Suppose -2*b = 2, 6*k + 289 = k - 4*b. Let m = k + 52. Let g(w) be the third derivative of -w**5/60 - 5*w**4/24 + 5*w**3/6 - 3*w**2. Calculate g(m).
5
Let h(y) = 27*y**2 - 4*y**3 + 5*y**3 - 23*y**2 - 6. Suppose -12 = 4*g + 2*x, -8*g + 5*g - 5*x = 9. Determine h(g).
3
Let g(y) = -y**2 + 56*y + 304. Let h be g(61). Let i(t) = t - 1. Let a be i(3). Let w(b) = 0*b + b**3 - b + a*b**3. Give w(h).
-2
Let u(x) = -x**2 - 222*x + 4069. Let f be u(17). Let r(l) = 23*l - 136. Calculate r(f).
2
Let x(b) be the third derivative of b**6/60 + b**5/10 - 5*b**4/24 + 13*b**3/6 + b**2 + 206*b + 2. Give x(4).
217
Suppose 4 + 4 = 4*v. Let y(a) = -2*a + 1 + 3 - a**v - a**2. Let d = 3023 - 3020. Calculate y(d).
-20
Let f(n) = 29*n. Let v(p) = -4*p. Let z(r) = -4*f(r) - 28*v(r). Suppose 0 = 29*l - 63 - 82. Determine z(l).
-20
Let a(c) = 6*c**2 + 42*c. Let m be a(-7). Let k(r) = 14*r + r**2 + m*r**2 - 4*r - 3 - 7*r. Let q be 2 + -2 + 6/2. Determine k(q).
15
Let u(c) = 62*c - 279*c + 71*c + 62*c - 12 + 68*c. What is u(-2)?
20
Let m(k) be the third derivative of -k**6/120 - 7*k**5/60 - k**4/4 + k**3/3 + 8*k**2 + 92. Let r be (5 + -4)*(-8 - -2). Give m(r).
2
Let s(d) = 21*d + 1. Suppose -o + k = 3 + 4, -5*k + 27 = 3*o. What is s(o)?
-20
Suppose -l + 1 = -d, -6*d + 3*l - 15 = -9*d. Let q(j) = 352 + 5*j + j**d - 347 - 11*j. Determine q(6).
5
Let t(x) be the first derivative of 2*x**3/3 - 3*x**2/2 - 8*x + 22. Let b be t(4). Let v(k) = -b*k - 15*k - 12*k + 41*k. Give v(-1).
-2
Let f be 220/66*6/(-5)*3. Let z(b) = -b**3 - 11*b**2 + 16*b + 53. Let h be z(f). Let v(r) = 0 - 1 - r - 2. Calculate v(h).
-8
Let z(c) be the second derivative of c**4/12 - 10*c**3/3 - 21*c**2 + 4303*c. Suppose 0 = -3*w + w + 44. Let n be z(w). Let t(u) = u**3 + u**2 + u. Give t(n).
14
Suppose -3956*c - 272 = -3964*c. Let l(f) = -9*f + 308. What is l(c)?
2
Let w(v) = -3*v - 4. Let y(c) = -5*c - 8. Let l(q) = -8*w(q) + 5*y(q). Determine l(-9).
1
Let n = 32 + -38. Let g(l) = l**3 - l**2 + 1. Let s(w) = 7*w**3 - 12*w**2 + 6*w + 6. Let d(q) = n*g(q) + s(q). Give d(4).
-8
Let c(m) = 2*m**2 + 108*m - 222. Let o be 0 + (36 - 23) + -69. What is c(o)?
2
Let q(o) = o**3 + 10*o**2 + 5*o + 59. Let p be 144/(-12) + 16 + -14. Determine q(p).
9
Let m(k) = -k**2 + 11*k + 157. Suppose 3*l - 16 = -q + 12, 2*q - 4*l = 26. What is m(q)?
5
Let s(p) be the first derivative of 2*p - 28 + 1/3*p**3 + 6*p**2. Determine s(-5).
-33
Let r(l) = -2*l + 13 - 2 - 1. Let w(g) = 4*g - 18. Let v be w(6). Let q be (1 + v + 0)/((-11)/(-11)). What is r(q)?
-4
Let c(h) = -h**3 - 22*h - 4. Let n(q) = -q**3 + q**2 - 19*q - 5. Let b(x) = 5*c(x) - 6*n(x). Determine b(4).
-6
Let r = -35566 - -35603. Let l(y) = -4*y + 169. Calculate l(r).
21
Suppose -m - 7*x - 32 = -0*x, x = -3*m + 4. Let f(w) be the first derivative of -1/3*w**m + 24 + w - 1/2*w**2. Calculate f(-1).
1
Let r = 113 - 113. Let t(q) = 4*q - 3. Determine t(r).
-3
Let v(d) = -305*d**2 - 2 + 671*d**2 + d**3 - 361*d**2. Suppose -a + 15 = -